 5 + -13.
9
Calculate -35 - (44 - 54 - 42).
17
What is -3 - 14 - (-57 - -16)?
24
Calculate -1 - 15 - (4 + 8 + 2 + -6).
-24
Evaluate -4 + 2 + (0 - 3) + -7.
-12
Calculate -15 - (-1 + -1 - (118 - 121)).
-16
Evaluate -31 + 40 + -8 - -15.
16
What is the value of -9 + (17 + -5 + 12 - -7) + 3?
25
2 + 11 + 6 + -5 + -25
-11
What is -14 - (-6 - (-9 - -11 - 13))?
-19
-8 + -2 + 21 - 27
-16
Evaluate 14 - (-2 + -4 + 18).
2
Calculate 9 - 17 - (-4 - 21).
17
What is the value of -24 + -9 + (2 - (-15 - -6))?
-22
What is the value of -22 - (0 + -7) - -8?
-7
Calculate (-9 - -1) + 4 + 3 - (-1 + -22).
22
(1 - 2) + (-8 - (-8 + -7))
6
(8 + (-29 - -19) - -12) + -5
5
What is 1 + 10 + -15 - (13 + -1)?
-16
What is the value of (-11 + 3 - -15) + (3 - 10) - -4?
4
What is (1 + 0 + 7 - (-262 - -265)) + 6?
11
Evaluate -1 - 9 - (0 - -13 - 20).
-3
What is 6 - (-19 + 12) - 8?
5
What is (5 - 3 - 1) + -5 + 7 - 17?
-14
Calculate -5 + -5 + -2 + 25.
13
Evaluate -13 - ((1 - 1) + -3).
-10
-10 + (12 - 8 - (-6 + 6))
-6
-8 + 19 + 0 - (5 - (9 + 5))
20
What is -1 + 7 - (32 - 42)?
16
10 + -9 - (-1 - (3 + -2 - -1))
4
Calculate -6 - 16 - (-39 + 5).
12
Evaluate (-35 - -39) + (2 - 21) + 3.
-12
What is the value of -7 + 19 + -19 + 24 + -6 + -1?
10
Calculate 46 - 46 - (10 - 1) - -2.
-7
Evaluate -12 - (9 - (49 - 0 - 14)).
14
What is the value of (-10 - (8 + -15 - -1)) + 5?
1
What is the value of (-10 - ((3 - 8) + 5)) + 2?
-8
Evaluate 6 + -1 + 5 - (0 - (-3 - -2)).
9
Calculate -3 + -9 - (-17 - -25 - 19).
-1
What is -7 - (-2 - 9) - (-6 + 1)?
9
What is (-1 - -4) + -8 + 0 + 6?
1
Evaluate (-12 - -29) + -40 + -3.
-26
0 + -2 - (5 + -1) - (-69 - -67)
-4
Evaluate (-15 - -16) + -1 + 2 + -8 - 6.
-12
What is the value of 3 - (58 + (-13 - 33))?
-9
Calculate (3 - 7) + -6 + 5 - 7.
-12
What is -30 + -23 + 58 - (-4 + 1)?
8
Evaluate 0 - ((-1 - -6) + (3 - (0 - -11))).
3
Evaluate 33 - (21 + 3) - -10.
19
-7 + -5 + (9 - 12 - 2 - -30)
13
Calculate (16 + (-23 - -9) - -16) + 7.
25
Calculate 1 + (10 - 7 - 18).
-14
What is the value of (-3 + -7 + 23 + -7 - 15) + 26?
17
Evaluate (0 - 11) + (22 + 1 - (-25 + 53)).
-16
-14 - (-21 - (-17 - -23))
13
Calculate -3 + -17 + (-13 + (2 - -6) - -6).
-19
Evaluate -35 + 18 - (1 - -3).
-21
Calculate -12 - -2 - (-63 + (7 - -70)).
-24
Evaluate -24 - -3 - (157 - 159).
-19
Evaluate 3 - (8 + (4 - 4)) - (-1 - 4).
0
Evaluate 6 + (-14 - (10 + -42)).
24
45 + -43 + -17 + 42
27
Evaluate -6 + -24 + 1 + 0 + 11.
-18
Calculate 1 - 34 - ((-4 - 0) + 4 - 6).
-27
-3 + (-5 + 3 - -8) - (4 - 0)
-1
2 - (2 - 2) - (-7 + -20)
29
Calculate 20 + 1 + 0 + 7 + -21.
7
What is the value of 30 + ((-28 - 8) + 24 - (-14 - 1))?
33
Evaluate (-16 - (-40 - -1)) + -22.
1
Calculate -9 + -1 + (-20 - (-21 + -5)).
-4
What is 1 + 14 - 1 - (-18 - -22)?
10
Evaluate 2 - (-6 - 2 - (48 + -51)).
7
-3 - (4 + (-3 - (0 + -5 - -4)))
-5
Calculate 6 + -1 - (8 - (-17 - -30)).
10
What is the value of (1 - 18) + 37 + -12?
8
5 + 10 + -25 + 9 - -11 - -10
20
Evaluate (11 - (-1 - -19)) + 17.
10
What is (19 - -30) + -45 - (0 - 2)?
6
Calculate -39 - -20 - (-2 - 16).
-1
Evaluate 20 + -12 + (-1 - 7 - -7).
7
(-9 - -9 - -13) + -4
9
What is the value of -7 - -7 - -2 - (53 + -27)?
-24
Evaluate 0 + 10 - 3 - (1 + 15 + -16).
7
Evaluate 1 - (0 + (-1 - -1)) - (386 + -392).
7
Calculate (16 - (48 - 36)) + (17 - (1 - -1)).
19
What is the value of 6 + 0 + (12 - 8)?
10
What is -2 + (8 - 6) + -4 + 3 + -12?
-13
Calculate -3 + -9 + 2 + 10.
0
What is the value of -1 + (11 - 4) - ((5 - -1) + -9)?
9
Evaluate -26 + 11 - (0 - -1).
-16
What is (-1 - -11) + (0 - -7) + -10 + 0?
7
6 - 2 - 29 - -39
14
What is the value of -22 + (-3 - -24) + 12?
11
Calculate (6 - (5 - 2)) + (-113 - -117).
7
What is (-1 + 3 + 6 - -3) + 1 + -7?
5
Evaluate 31 - 0 - (341 + -338).
28
Calculate 25 - (0 - -24) - (2 - 5).
4
Calculate -16 + (0 - -9) - (12 - 1 - 1).
-17
What is the value of 19 + -8 + (-7 - (-12 - -7)) + -33?
-24
8 - (37 + -35 - (1 + -4 + 3))
6
Calculate -22 + -9 + (-7 - -12) + 12.
-14
What is the value of -1 + -6 - ((-19 - (-3 + -8)) + -6)?
7
What is the value of (11 - (19 - 15)) + 0?
7
Calculate (19 - 39) + (-7 - -3) + 8.
-16
Evaluate 27 + (5 - 33) - (1 - (-1 - 17)).
-20
Calculate -5 + (-3 - -3 - -3) + 15 + 2.
15
What is -18 + 0 + 11 + -2 - -6 - 10?
-13
What is the value of 0 - ((7 - 16) + 9) - 13?
-13
Evaluate (-1 + 0 - -5) + -14 + 4 + -1.
-7
What is the value of 8 + (-2 + -7 - -1) + -8?
-8
What is the value of 19 + -23 + 15 - (-16 + -6 + 6)?
27
-43 + (-13 - -34) + -9
-31
What is 26 - 25 - (1 + 0 + 4 + -1)?
-3
-6 + 1 - (-1 + 14)
-18
Calculate 2 + 10 + -15 + -11 + 3.
-11
What is the value of 2 - 8 - (11 - (13 + -6) - 3)?
-7
Evaluate 7 - 4 - 18 - -21.
6
What is 13 + (2 - 16 - -14)?
13
Evaluate -8 - (5 - 3) - 8 - -2.
-16
Evaluate 7 - -4 - ((-5 + 8 - -6) + -3).
5
Evaluate 56 - ((-46 - -74) + 18).
10
Calculate (3 - 7) + (1 - 8) + 17 - -11.
17
What is -21 - (22 + -44) - (4 - 1 - 0)?
-2
What is (1 - (-8 + -8 + 4)) + -7 - -10?
16
Calculate (588 - 590) + (3 - 6 - 3).
-8
What is 0 - 20 - (88 - 101)?
-7
What is the value of -21 + (-24 - -42) - 32?
-35
What is -15 - (36 - 18) - -14?
-19
(1 - 0) + -25 + 25 + (-7 - 1)
-7
What is the value of (-1 - 17) + 19 + (3 - 24)?
-20
What is the value of 12 + -4 - (81 - 84)?
11
What is (-9 - 3) + (43 + -60 - -14)?
-15
Calculate (1 + -1 - -4) + 4 + (5 - -6).
19
-3 - (-3 - (-11 - -6))
-5
Calculate -22 + (-4 - -5) + (-20 - -29) + 3.
-9
Calculate 12 - ((0 - (-2 + -2)) + 0).
8
What is 1 - 1 - (-7 + (-3 - -9 - 9))?
10
Calculate -12 + -3 + 25 + (1 - (-5 - 1)).
17
What is (8 - -13 - 35) + (-1 - -7)?
-8
25 - (25 - 22 - -32)
-10
Evaluate 392 + -393 - (8 - 0) - 0.
-9
Evaluate 15 + (3 - 10) - -2 - -12.
22
What is the value of -7 - (1 + 13 + (83 - 91))?
-13
What is the value of (-4 - -40) + -49 + 2?
-11
Evaluate 6 + (3 - 2) + (40 - 31 - 30).
-14
Evaluate (3 - (2 - 23)) + -29 + 18.
13
What is 1 - (18 + -7) - -3 - -29?
22
Calculate (4 - 35) + (-64 - -82).
-13
(-10 - -18) + -13 - ((2 - 1) + -10)
4
What is 7 + 1 - (-6 + -19 + 31)?
2
Evaluate 32 + (-11 + 5 - -13) + -14.
25
(0 - 5 - 4) + 22 + 3
16
Evaluate (-39 - -33) + (16 - 3).
7
What is the value of 3 + (3 - 5 - (-15 - -37))?
-21
What is the value of (-2 - -6 - 9) + (3 - 2)?
-4
(10 - 15) + 11 + -9 + 5
2
-9 + 33 + -40 - -18
2
What is 11 + (-16 - (3 + -2))?
-6
What is -88 + 80 + (3 - -18)?
13
Evaluate -11 - (-6 - (0 + 11 + -8 - 1)).
-3
Calculate (-89 - -97) + (2 + -2 - 1).
7
Calculate -3 - -3 - (-12 - (-5 - 16)).
-9
What is 0 + 6 + 7 - 24?
-11
What is the value of (36 - 49) + (4 - -7) + 1 + -7?
-8
What is the value of 18 - -8 - 14 - (3 + 0)?
9
Calculate 3 - (-19 + 35 - 6).
-7
Evaluate -9 + 1 - (-14 - (83 + -66)).
23
(16 - (-6 + 12 + 4)) + -9
-3
What is (21 + 2 - (8 - -4)) + -3?
8
22 + -33 + 17 + -8 + 35
33
What is the value of 7 - (6 - 33) - (12 - 1)?
23
What is 0 + -11 - (41 + -52 + 2)?
-2
(-3 - 5) + (-8 - -24)
8
-2 - (1 + (-6 + 19 - 7 - 12))
3
Calculate -8 + (9 - (-18 - 9 - 1)) - 8.
21
What is (-5 - 10) + 15 - 13?
-13
(-5 + 4 - -3) + -17 - (-75 + 67)
-7
What is 19 + (9 - 12 - 26)?
-10
(3 - (0 + -2)) + 11 + -28 + 11
-1
Calculate 818 - 820 - (-6 + 9 - (10 + -1)).
4
What is the value of 6 + 18 - (43 - 7)?
-12
What is 2 + -14 + 12 - -4 - -6?
10
2 + 9 + -2 + -1 + (17 - 8)
17
Evaluate 2 + (5 - 1) + 0 + -6.
0
What is -156 - -189 - ((2 - -15) + -2)?
18
3 + 9 + -3 + (-158 - -120)
-29
What is -11 + (12 - 10) + 4 + 9 + -14?
-10
5 + (-1 - -2) + 177 + -182
1
-219 - -207 - (-20 + -2)
10
Evaluate -9 + 14 + 25 + -33.
-3
Calculate 2 + (-16 - (-14 - 17)).
17
What is the value of 4 + (-4 - 3) + 0 + 1 - 6?
-8
Evaluate (14 + -20 - 20) + 52.
26
6 + 16 + 2 + -26
-2
Evaluate -25 - ((4 - 1) + -1 + -4).
-23
Evaluate -27 + 28 + -18 + 14.
-3
Evaluate 25 + (2 - 13) + 3.
17
What is 10 + (13 + -2 + 1 - (782 - 789))?
29
What is the value of 23 + -21 - (5 - 11)?
8
Calculate (13 + -60 - -28) + 0 + (7 - 0).
-12
(18 - 48) + 62 - 35
-3
What is the value of (-6 - (-35 + 15 + -9)) + -10?
13
Evaluate (-10 - -9) + -3 + (1 - (-2 + 9)).
-10
Evaluate 18 - (-1 - (19 + -17)).
21
What is the value of (-15 - -27) + (-23 - -24)?
13
Evaluate 6 - (13 - 20) - 2.
11
Calculate (-3 - -8) + (119 - 126).
-2
What is -7 - (9 + (-3 - -15 - 8))?
-20
4 + (-20 - -23) + (1 - 22)
-14
Evaluate -4 + (0 + -32 - -31).
-5
Evaluate (21 - -2) + (-294 - -278).
7
Calculate (38 - -7) + -33 - (5 - -1).
6
